3 (base 8) in base 7?
3460
10423 (base 7) to base 2
101000110110
What is -4d33 (base 15) in base 16?
-4059
What is 57a5 (base 12) in base 3?
111101222
-52660 (base 7) to base 14
-4a67
What is 128b (base 12) in base 6?
13455
Convert 2157 (base 10) to base 3.
2221220
-2102022102 (base 3) to base 10
-47612
What is -6220 (base 11) in base 2?
-10000000111010
Convert -92 (base 11) to base 6.
-245
Convert 112001 (base 3) to base 16.
17b
-13a5a (base 11) to base 6
-232101
Convert 11110000 (base 2) to base 7.
462
Convert -2022200 (base 3) to base 12.
-b90
Convert -2120 (base 4) to base 12.
-108
-241 (base 13) to base 12
-287
What is 1121c (base 13) in base 14?
b4ad
Convert 533 (base 10) to base 12.
385
What is 27337 (base 8) in base 2?
10111011011111
Convert -1011011110010001 (base 2) to base 13.
-1850b
What is 703 (base 10) in base 3?
222001
214 (base 6) to base 14
5c
What is -49a (base 11) in base 14?
-305
2213 (base 8) to base 16
48b
177 (base 9) to base 10
151
-141a1 (base 14) to base 11
-343a9
Convert -7286 (base 12) to base 11.
-9421
What is -4212 (base 9) in base 4?
-300101
211 (base 6) to base 12
67
What is -131345 (base 8) in base 13?
-17acb
102411 (base 7) to base 15
539c
What is -311540 (base 6) in base 5?
-1300134
753 (base 10) to base 4
23301
-1312011 (base 4) to base 10
-7557
What is 221014 (base 6) in base 15?
569a
484 (base 9) to base 4
12100
-43 (base 15) to base 11
-58
Convert 3aa (base 12) to base 6.
2334
What is 1635 (base 9) in base 13?
74c
2b17 (base 15) to base 4
2100133
-3386 (base 13) to base 7
-30005
Convert 53135 (base 6) to base 3.
100212012
Convert 3232 (base 11) to base 7.
15310
Convert -20424 (base 8) to base 16.
-2114
-100011111010100 (base 2) to base 4
-10133110
Convert -4a64 (base 13) to base 16.
-2940
What is -862 (base 12) in base 15?
-56b
What is 6405 (base 7) in base 3?
10002200
What is -6ba (base 15) in base 7?
-4306
What is -93 (base 10) in base 16?
-5d
Convert 32002 (base 4) to base 8.
1602
-56 (base 14) to base 11
-6a
Convert 110111010101 (base 2) to base 15.
10b1
What is -11201112 (base 3) in base 6?
-23535
-1111111010 (base 2) to base 5
-13033
What is 728 (base 13) in base 14?
62d
2305 (base 6) to base 12
395
What is -14661 (base 12) in base 6?
-340201
Convert -4c0 (base 16) to base 10.
-1216
What is -110110010 (base 2) in base 11?
-365
cc (base 14) to base 13
10b
Convert 1111100110011 (base 2) to base 13.
3835
-11100001001 (base 2) to base 11
-1398
1221202 (base 3) to base 11
1085
2330032 (base 4) to base 8
27416
What is -11011110011110 (base 2) in base 11?
-a774
Convert -1775 (base 8) to base 6.
-4421
Convert 1458 (base 9) to base 4.
101102
Convert -937 (base 10) to base 11.
-782
13444 (base 5) to base 11
932
Convert -13361 (base 8) to base 13.
-289a
What is 2735 (base 13) in base 4?
1113311
What is -10b96 (base 15) in base 7?
-311136
20113320 (base 4) to base 8
102770
What is -1534 (base 6) in base 8?
-642
770 (base 8) to base 13
2ca
What is -100100101001 (base 2) in base 7?
-6560
Convert 1b4c (base 14) to base 8.
11550
What is 5228 (base 15) in base 13?
7b98
240024 (base 5) to base 2
10001000111100
What is 1202 (base 10) in base 7?
3335
1520 (base 12) to base 6
15240
Convert 4010342 (base 5) to base 4.
33123312
11233 (base 6) to base 7
4452
What is 138 (base 15) in base 2?
100010110
What is -87854 (base 9) in base 5?
-3331123
14621 (base 8) to base 5
202140
What is 1003331 (base 4) in base 13?
1c97
Convert -41 (base 16) to base 4.
-1001
Convert -1242303 (base 5) to base 10.
-24703
What is -1710 (base 9) in base 4?
-110121
Convert -8079 (base 11) to base 13.
-4b69
Convert 40060 (base 7) to base 12.
56ba
-35510 (base 7) to base 16
-23d2
What is -5420 (base 7) in base 6?
-12525
What is -244 (base 6) in base 9?
-121
Convert 1011001001111010 (base 2) to base 9.
68606
Convert 4320 (base 10) to base 3.
12221000
Convert -3211032 (base 4) to base 6.
-151530
Convert -a54 (base 11) to base 5.
-20034
5610 (base 7) to base 9
2680
What is -110221 (base 3) in base 7?
-1006
Convert 11133 (base 4) to base 15.
186
1a05 (base 12) to base 13
15a1
What is 7489 (base 11) in base 10?
9898
22300 (base 4) to base 12
494
176 (base 9) to base 2
10010110
What is -dd (base 14) in base 12?
-143
Convert -112350 (base 6) to base 8.
-22652
2591 (base 12) to base 6
31501
-180a (base 13) to base 12
-2087
Convert 4386 (base 9) to base 11.
2483
Convert 432 (base 11) to base 4.
20013
11380 (base 12) to base 7
124014
What is -14022 (base 5) in base 8?
-2161
What is -102200 (base 3) in base 8?
-473
Convert -3022 (base 5) to base 7.
-1062
What is -101 (base 16) in base 2?
-100000001
-1202013 (base 4) to base 3
-22121120
Convert -60415 (base 8) to base 10.
-24845
What is -40535 (base 8) in base 2?
-100000101011101
Convert -2020112 (base 3) to base 13.
-989
2674 (base 13) to base 4
1111333
-10201212 (base 3) to base 15
-c18
Convert -24151 (base 6) to base 8.
-6703
Convert 20432 (base 5) to base 14.
6d9
-101001000 (base 2) to base 7
-646
Convert -100011011100101 (base 2) to base 14.
-6885
What is -1045 (base 8) in base 15?
-269
What is 261 (base 16) in base 12?
429
Convert -105 (base 11) to base 9.
-150
Convert -3240 (base 5) to base 2.
-110111101
What is -21243 (base 5) in base 3?
-1222122
What is -2052 (base 10) in base 4?
-200010
Convert 1266 (base 10) to base 14.
666
1011011011 (base 2) to base 8
1333
What is -334 (base 16) in base 10?
-820
525 (base 16) to base 11
a98
Convert 743 (base 13) to base 9.
1625
Convert -c3 (base 14) to base 4.
-2223
Convert -154100 (base 8) to base 12.
-28054
Convert -1011000111 (base 2) to base 11.
-597
Convert 1472 (base 9) to base 5.
13433
What is 110111110111001 (base 2) in base 16?
6fb9
What is 6586 (base 9) in base 4?
1023321
Convert -23000 (base 6) to base 14.
-1276
2000020 (base 3) to base 6
10440
1666 (base 7) to base 6
3101
Convert 1a3 (base 15) to base 13.
231
4561 (base 10) to base 4
1013101
Convert -2121211 (base 3) to base 16.
-778
12c41 (base 14) to base 7
252011
Convert -cab0 (base 16) to base 2.
-1100101010110000
Convert -333 (base 13) to base 9.
-670
What is 51344 (base 6) in base 13?
3157
Convert -1254 (base 8) to base 3.
-221100
-574 (base 11) to base 7
-2000
Convert -10101110000 (base 2) to base 14.
-716
What is 33 (base 7) in base 3?
220
-101011 (base 2) to base 15
-2d
3011 (base 6) to base 8
1217
-410 (base 16) to base 6
-4452
What is -1030142 (base 5) in base 13?
-7caa
-222120202 (base 3) to base 9
-28522
What is 1000100111 (base 2) in base 7?
1415
What is 211424 (base 5) in base 3?
100202111
Convert cce (base 16) to base 12.
1a92
Convert 762 (base 14) to base 15.
673
22ac (base 13) to base 9
6615
Convert 21051 (base 6) to base 8.
5427
What is -1323 (base 5) in base 14?
-113
Convert 1275 (base 13) to base 2.
101001000111
What is -355 (base 7) in base 11?
-160
What is 1252404 (base 6) in base 12?
34104
Convert 31515 (base 11) to base 5.
2432000
What is 655 (base 13) in base 6?
5004
Convert 351 (base 7) to base 3.
20210
Convert -23041 (base 8) to base 4.
-2120201
Convert -11210 (base 4) to base 9.
-435
Convert 6346 (base 11) to base 2.
10000011001111
Convert -512 (base 12) to base 14.
-3a6
Convert -30418 (base 9) to base 2.
-100111000111000
-100200 (base 4) to base 2
-10000100000
1a8 (base 15) to base 13
236
Convert -6419 (base 15) to base 4.
-11022312
Convert -1121110112 (base 3) to base 5.
-2003220
Convert -4421 (base 6) to base 8.
-1775
-123265 (base 7) to base 10
-22783
Convert 110310 (base 6) to base 2.
10001111100010
-132044 (base 5) to base 6
-40230
What is -3343 (base 5) in base 4?
-13121
Convert -300213 (base 4) to base 11.
-2379
Convert -23053 (base 9) to base 5.
-442412
Convert -10100000111011 (base 2) to base 16.
-283b
What is -13003321 (base 4) in base 14?
-a77b
-11642 (base 7) to base 4
-233330
What is -1111000010 (base 2) in base 3?
-1022122
What is -461 (base 7) in base 10?
-239
Convert 101111 (base 2) to base 9.
52
Convert -5614 (base 12) to base 4.
-2110300
Convert -1748 (base 12) to base 5.
-42132
What is -15144 (base 8) in base 12?
-3ab0
What is -94a4 (base 13) in base 12?
-bab3
Convert 166 (base 8) to base 4.
1312
-1022121 (base 3) to base 9
-1277
Convert -72030 (base 9) to base 16.
-b934
Convert 16823 (base 9) to base 16.
2d54
What is 4136 (base 12) in base 15?
2183
1